{"id":1921,"date":"2026-01-08T15:16:34","date_gmt":"2026-01-08T15:16:34","guid":{"rendered":"https:\/\/www.grupotecnomotriz.com\/site\/?post_type=product&#038;p=1921"},"modified":"2026-01-29T22:15:02","modified_gmt":"2026-01-29T22:15:02","slug":"2022-ford-bronco-wildtrak","status":"publish","type":"product","link":"https:\/\/www.grupotecnomotriz.com\/site\/producto\/2022-ford-bronco-wildtrak\/","title":{"rendered":"2022 Ford Bronco WILDTRAK"},"content":{"rendered":"<table style=\"height: 836px;\" width=\"452\">\n<tbody>\n<tr>\n<td>A\u00f1o<\/td>\n<td>2022<\/td>\n<\/tr>\n<tr>\n<td>Versi\u00f3n<\/td>\n<td>Nacional<\/td>\n<\/tr>\n<tr>\n<td>Motor<\/td>\n<td>2.7L V6 EcoBoost<\/td>\n<\/tr>\n<tr>\n<td>Caballaje<\/td>\n<td>330 hp<\/td>\n<\/tr>\n<tr>\n<td>Torque<\/td>\n<td>415 lb-ft<\/td>\n<\/tr>\n<tr>\n<td>Turbo<\/td>\n<td>Doble<\/td>\n<\/tr>\n<tr>\n<td>Transmisi\u00f3n<\/td>\n<td>10 velocidades<\/td>\n<\/tr>\n<tr>\n<td>Tracci\u00f3n<\/td>\n<td>4\u00d74 avanzado con GOAT Modes<\/td>\n<\/tr>\n<tr>\n<td>Paquete<\/td>\n<td>Sasquatch<\/td>\n<\/tr>\n<tr>\n<td>Rines<\/td>\n<td>Beadlock 17\u201d<\/td>\n<\/tr>\n<tr>\n<td>Llantas<\/td>\n<td>35\u201d MT<\/td>\n<\/tr>\n<tr>\n<td>Parachoques<\/td>\n<td>Off-road<\/td>\n<\/tr>\n<tr>\n<td>Faros<\/td>\n<td>LED Signature<\/td>\n<\/tr>\n<tr>\n<td>Techo<\/td>\n<td>Modular removible<\/td>\n<\/tr>\n<tr>\n<td>Pantalla<\/td>\n<td>12\u201d SYNC 4<\/td>\n<\/tr>\n<tr>\n<td>Asientos<\/td>\n<td>Black Onyx<\/td>\n<\/tr>\n<tr>\n<td>Volante<\/td>\n<td>Multifunci\u00f3n<\/td>\n<\/tr>\n<tr>\n<td>Controles<\/td>\n<td>GOAT<\/td>\n<\/tr>\n<tr>\n<td>Panel<\/td>\n<td>Digital claro<\/td>\n<\/tr>\n<tr>\n<td>Acabados<\/td>\n<td>Resistentes<\/td>\n<\/tr>\n<tr>\n<td>Bloqueo delantero y trasero<\/td>\n<td>Trail Control \/ Trail<\/td>\n<\/tr>\n<tr>\n<td>Turn<\/td>\n<td>Assist<\/td>\n<\/tr>\n<tr>\n<td>Amortiguadores<\/td>\n<td>Bilstein<\/td>\n<\/tr>\n<tr>\n<td>C\u00e1maras<\/td>\n<td>360\u00b0<\/td>\n<\/tr>\n<tr>\n<td>Keyless<\/td>\n<td>+ Remoto<\/td>\n<\/tr>\n<tr>\n<td>Sonido<\/td>\n<td>B&amp;O<\/td>\n<\/tr>\n<tr>\n<td>Full<\/td>\n<td>Extras<\/td>\n<\/tr>\n<\/tbody>\n<\/table>\n","protected":false},"excerpt":{"rendered":"<p>A\u00f1o 2022 Versi\u00f3n Nacional Motor 2.7L V6 EcoBoost Caballaje 330 hp Torque 415 lb-ft Turbo Doble Transmisi\u00f3n 10 velocidades Tracci\u00f3n 4\u00d74 avanzado con GOAT Modes Paquete Sasquatch Rines Beadlock 17\u201d Llantas 35\u201d MT Parachoques Off-road Faros LED Signature Techo Modular removible Pantalla 12\u201d SYNC 4 Asientos Black Onyx Volante Multifunci\u00f3n Controles GOAT Panel Digital claro [&hellip;]<\/p>\n","protected":false},"featured_media":2096,"template":"","meta":[],"product_brand":[],"product_cat":[84],"product_tag":[],"class_list":{"0":"post-1921","1":"product","2":"type-product","3":"status-publish","4":"has-post-thumbnail","6":"product_cat-todo-terreno","8":"first","9":"instock","10":"shipping-taxable","11":"purchasable","12":"product-type-simple"},"yoast_head":"<!-- This site is optimized with the Yoast SEO plugin v26.4 - https:\/\/yoast.com\/wordpress\/plugins\/seo\/ -->\n<title>2022 Ford Bronco WILDTRAK - Grupo Tecnomotriz<\/title>\n<meta name=\"robots\" content=\"index, follow, max-snippet:-1, max-image-preview:large, max-video-preview:-1\" \/>\n<link rel=\"canonical\" href=\"https:\/\/www.grupotecnomotriz.com\/site\/producto\/2022-ford-bronco-wildtrak\/\" \/>\n<meta property=\"og:locale\" content=\"es_ES\" \/>\n<meta property=\"og:type\" content=\"article\" \/>\n<meta property=\"og:title\" content=\"2022 Ford Bronco WILDTRAK - Grupo Tecnomotriz\" \/>\n<meta property=\"og:description\" content=\"A\u00f1o 2022 Versi\u00f3n Nacional Motor 2.7L V6 EcoBoost Caballaje 330 hp Torque 415 lb-ft Turbo Doble Transmisi\u00f3n 10 velocidades Tracci\u00f3n 4\u00d74 avanzado con GOAT Modes Paquete Sasquatch Rines Beadlock 17\u201d Llantas 35\u201d MT Parachoques Off-road Faros LED Signature Techo Modular removible Pantalla 12\u201d SYNC 4 Asientos Black Onyx Volante Multifunci\u00f3n Controles GOAT Panel Digital claro [&hellip;]\" \/>\n<meta property=\"og:url\" content=\"https:\/\/www.grupotecnomotriz.com\/site\/producto\/2022-ford-bronco-wildtrak\/\" \/>\n<meta property=\"og:site_name\" content=\"Grupo Tecnomotriz\" \/>\n<meta property=\"article:modified_time\" content=\"2026-01-29T22:15:02+00:00\" \/>\n<meta property=\"og:image\" content=\"https:\/\/www.grupotecnomotriz.com\/site\/wp-content\/uploads\/2026\/01\/1-4-1024x731.png\" \/>\n\t<meta property=\"og:image:width\" content=\"1024\" \/>\n\t<meta property=\"og:image:height\" content=\"731\" \/>\n\t<meta property=\"og:image:type\" content=\"image\/png\" \/>\n<meta name=\"twitter:card\" content=\"summary_large_image\" \/>\n<meta name=\"twitter:label1\" content=\"Est. reading time\" \/>\n\t<meta name=\"twitter:data1\" content=\"1 minuto\" \/>\n<script type=\"application\/ld+json\" class=\"yoast-schema-graph\">{\"@context\":\"https:\/\/schema.org\",\"@graph\":[{\"@type\":\"WebPage\",\"@id\":\"https:\/\/www.grupotecnomotriz.com\/site\/producto\/2022-ford-bronco-wildtrak\/\",\"url\":\"https:\/\/www.grupotecnomotriz.com\/site\/producto\/2022-ford-bronco-wildtrak\/\",\"name\":\"2022 Ford Bronco WILDTRAK - Grupo Tecnomotriz\",\"isPartOf\":{\"@id\":\"https:\/\/www.grupotecnomotriz.com\/site\/#website\"},\"primaryImageOfPage\":{\"@id\":\"https:\/\/www.grupotecnomotriz.com\/site\/producto\/2022-ford-bronco-wildtrak\/#primaryimage\"},\"image\":{\"@id\":\"https:\/\/www.grupotecnomotriz.com\/site\/producto\/2022-ford-bronco-wildtrak\/#primaryimage\"},\"thumbnailUrl\":\"https:\/\/www.grupotecnomotriz.com\/site\/wp-content\/uploads\/2026\/01\/1-4.png\",\"datePublished\":\"2026-01-08T15:16:34+00:00\",\"dateModified\":\"2026-01-29T22:15:02+00:00\",\"breadcrumb\":{\"@id\":\"https:\/\/www.grupotecnomotriz.com\/site\/producto\/2022-ford-bronco-wildtrak\/#breadcrumb\"},\"inLanguage\":\"es-CR\",\"potentialAction\":[{\"@type\":\"ReadAction\",\"target\":[\"https:\/\/www.grupotecnomotriz.com\/site\/producto\/2022-ford-bronco-wildtrak\/\"]}]},{\"@type\":\"ImageObject\",\"inLanguage\":\"es-CR\",\"@id\":\"https:\/\/www.grupotecnomotriz.com\/site\/producto\/2022-ford-bronco-wildtrak\/#primaryimage\",\"url\":\"https:\/\/www.grupotecnomotriz.com\/site\/wp-content\/uploads\/2026\/01\/1-4.png\",\"contentUrl\":\"https:\/\/www.grupotecnomotriz.com\/site\/wp-content\/uploads\/2026\/01\/1-4.png\",\"width\":2048,\"height\":1462},{\"@type\":\"BreadcrumbList\",\"@id\":\"https:\/\/www.grupotecnomotriz.com\/site\/producto\/2022-ford-bronco-wildtrak\/#breadcrumb\",\"itemListElement\":[{\"@type\":\"ListItem\",\"position\":1,\"name\":\"Portada\",\"item\":\"https:\/\/www.grupotecnomotriz.com\/site\/\"},{\"@type\":\"ListItem\",\"position\":2,\"name\":\"Cat\u00e1logo\",\"item\":\"https:\/\/www.grupotecnomotriz.com\/site\/tienda\/\"},{\"@type\":\"ListItem\",\"position\":3,\"name\":\"2022 Ford Bronco WILDTRAK\"}]},{\"@type\":\"WebSite\",\"@id\":\"https:\/\/www.grupotecnomotriz.com\/site\/#website\",\"url\":\"https:\/\/www.grupotecnomotriz.com\/site\/\",\"name\":\"Grupo Tecnomotriz\",\"description\":\"Taller de enderezado y pintura Tecnomotriz\",\"potentialAction\":[{\"@type\":\"SearchAction\",\"target\":{\"@type\":\"EntryPoint\",\"urlTemplate\":\"https:\/\/www.grupotecnomotriz.com\/site\/?s={search_term_string}\"},\"query-input\":{\"@type\":\"PropertyValueSpecification\",\"valueRequired\":true,\"valueName\":\"search_term_string\"}}],\"inLanguage\":\"es-CR\"}]}<\/script>\n<!-- \/ Yoast SEO plugin. -->","yoast_head_json":{"title":"2022 Ford Bronco WILDTRAK - Grupo Tecnomotriz","robots":{"index":"index","follow":"follow","max-snippet":"max-snippet:-1","max-image-preview":"max-image-preview:large","max-video-preview":"max-video-preview:-1"},"canonical":"https:\/\/www.grupotecnomotriz.com\/site\/producto\/2022-ford-bronco-wildtrak\/","og_locale":"es_ES","og_type":"article","og_title":"2022 Ford Bronco WILDTRAK - Grupo Tecnomotriz","og_description":"A\u00f1o 2022 Versi\u00f3n Nacional Motor 2.7L V6 EcoBoost Caballaje 330 hp Torque 415 lb-ft Turbo Doble Transmisi\u00f3n 10 velocidades Tracci\u00f3n 4\u00d74 avanzado con GOAT Modes Paquete Sasquatch Rines Beadlock 17\u201d Llantas 35\u201d MT Parachoques Off-road Faros LED Signature Techo Modular removible Pantalla 12\u201d SYNC 4 Asientos Black Onyx Volante Multifunci\u00f3n Controles GOAT Panel Digital claro [&hellip;]","og_url":"https:\/\/www.grupotecnomotriz.com\/site\/producto\/2022-ford-bronco-wildtrak\/","og_site_name":"Grupo Tecnomotriz","article_modified_time":"2026-01-29T22:15:02+00:00","og_image":[{"width":1024,"height":731,"url":"https:\/\/www.grupotecnomotriz.com\/site\/wp-content\/uploads\/2026\/01\/1-4-1024x731.png","type":"image\/png"}],"twitter_card":"summary_large_image","twitter_misc":{"Est. reading time":"1 minuto"},"schema":{"@context":"https:\/\/schema.org","@graph":[{"@type":"WebPage","@id":"https:\/\/www.grupotecnomotriz.com\/site\/producto\/2022-ford-bronco-wildtrak\/","url":"https:\/\/www.grupotecnomotriz.com\/site\/producto\/2022-ford-bronco-wildtrak\/","name":"2022 Ford Bronco WILDTRAK - Grupo Tecnomotriz","isPartOf":{"@id":"https:\/\/www.grupotecnomotriz.com\/site\/#website"},"primaryImageOfPage":{"@id":"https:\/\/www.grupotecnomotriz.com\/site\/producto\/2022-ford-bronco-wildtrak\/#primaryimage"},"image":{"@id":"https:\/\/www.grupotecnomotriz.com\/site\/producto\/2022-ford-bronco-wildtrak\/#primaryimage"},"thumbnailUrl":"https:\/\/www.grupotecnomotriz.com\/site\/wp-content\/uploads\/2026\/01\/1-4.png","datePublished":"2026-01-08T15:16:34+00:00","dateModified":"2026-01-29T22:15:02+00:00","breadcrumb":{"@id":"https:\/\/www.grupotecnomotriz.com\/site\/producto\/2022-ford-bronco-wildtrak\/#breadcrumb"},"inLanguage":"es-CR","potentialAction":[{"@type":"ReadAction","target":["https:\/\/www.grupotecnomotriz.com\/site\/producto\/2022-ford-bronco-wildtrak\/"]}]},{"@type":"ImageObject","inLanguage":"es-CR","@id":"https:\/\/www.grupotecnomotriz.com\/site\/producto\/2022-ford-bronco-wildtrak\/#primaryimage","url":"https:\/\/www.grupotecnomotriz.com\/site\/wp-content\/uploads\/2026\/01\/1-4.png","contentUrl":"https:\/\/www.grupotecnomotriz.com\/site\/wp-content\/uploads\/2026\/01\/1-4.png","width":2048,"height":1462},{"@type":"BreadcrumbList","@id":"https:\/\/www.grupotecnomotriz.com\/site\/producto\/2022-ford-bronco-wildtrak\/#breadcrumb","itemListElement":[{"@type":"ListItem","position":1,"name":"Portada","item":"https:\/\/www.grupotecnomotriz.com\/site\/"},{"@type":"ListItem","position":2,"name":"Cat\u00e1logo","item":"https:\/\/www.grupotecnomotriz.com\/site\/tienda\/"},{"@type":"ListItem","position":3,"name":"2022 Ford Bronco WILDTRAK"}]},{"@type":"WebSite","@id":"https:\/\/www.grupotecnomotriz.com\/site\/#website","url":"https:\/\/www.grupotecnomotriz.com\/site\/","name":"Grupo Tecnomotriz","description":"Taller de enderezado y pintura Tecnomotriz","potentialAction":[{"@type":"SearchAction","target":{"@type":"EntryPoint","urlTemplate":"https:\/\/www.grupotecnomotriz.com\/site\/?s={search_term_string}"},"query-input":{"@type":"PropertyValueSpecification","valueRequired":true,"valueName":"search_term_string"}}],"inLanguage":"es-CR"}]}},"_links":{"self":[{"href":"https:\/\/www.grupotecnomotriz.com\/site\/wp-json\/wp\/v2\/product\/1921","targetHints":{"allow":["GET"]}}],"collection":[{"href":"https:\/\/www.grupotecnomotriz.com\/site\/wp-json\/wp\/v2\/product"}],"about":[{"href":"https:\/\/www.grupotecnomotriz.com\/site\/wp-json\/wp\/v2\/types\/product"}],"wp:featuredmedia":[{"embeddable":true,"href":"https:\/\/www.grupotecnomotriz.com\/site\/wp-json\/wp\/v2\/media\/2096"}],"wp:attachment":[{"href":"https:\/\/www.grupotecnomotriz.com\/site\/wp-json\/wp\/v2\/media?parent=1921"}],"wp:term":[{"taxonomy":"product_brand","embeddable":true,"href":"https:\/\/www.grupotecnomotriz.com\/site\/wp-json\/wp\/v2\/product_brand?post=1921"},{"taxonomy":"product_cat","embeddable":true,"href":"https:\/\/www.grupotecnomotriz.com\/site\/wp-json\/wp\/v2\/product_cat?post=1921"},{"taxonomy":"product_tag","embeddable":true,"href":"https:\/\/www.grupotecnomotriz.com\/site\/wp-json\/wp\/v2\/product_tag?post=1921"}],"curies":[{"name":"wp","href":"https:\/\/api.w.org\/{rel}","templated":true}]}}