{"id":1919,"date":"2026-01-08T14:48:13","date_gmt":"2026-01-08T14:48:13","guid":{"rendered":"https:\/\/www.grupotecnomotriz.com\/site\/?post_type=product&#038;p=1919"},"modified":"2026-01-29T22:18:37","modified_gmt":"2026-01-29T22:18:37","slug":"mercedes-benz-g-wagon-g500-2","status":"publish","type":"product","link":"https:\/\/www.grupotecnomotriz.com\/site\/producto\/mercedes-benz-g-wagon-g500-2\/","title":{"rendered":"Mercedes-Benz G-Wagon G500"},"content":{"rendered":"<table style=\"height: 891px;\" width=\"358\">\n<tbody>\n<tr>\n<td>A\u00f1o<\/td>\n<td>2019<\/td>\n<\/tr>\n<tr>\n<td>Motor<\/td>\n<td>4.0L V8 Biturbo<\/td>\n<\/tr>\n<tr>\n<td>Caballaje<\/td>\n<td>422HP<\/td>\n<\/tr>\n<tr>\n<td>Torque<\/td>\n<td>450 lb ft<\/td>\n<\/tr>\n<tr>\n<td>Tracci\u00f3n<\/td>\n<td>4&#215;4<\/td>\n<\/tr>\n<tr>\n<td>Caja autom\u00e1tica<\/td>\n<td>9 velocidades<\/td>\n<\/tr>\n<tr>\n<td>Paquete<\/td>\n<td>AMG<\/td>\n<\/tr>\n<tr>\n<td>Frente de G63<\/td>\n<td>Con mataburros<\/td>\n<\/tr>\n<tr>\n<td>Llantas<\/td>\n<td>Mickey Thompson<\/td>\n<\/tr>\n<tr>\n<td>Asientos<\/td>\n<td>Cuero<\/td>\n<\/tr>\n<tr>\n<td>Asientos<\/td>\n<td>El\u00e9ctricos<\/td>\n<\/tr>\n<tr>\n<td>Asientos<\/td>\n<td>Din\u00e1micos<\/td>\n<\/tr>\n<tr>\n<td>Asientos<\/td>\n<td>Climatizados<\/td>\n<\/tr>\n<tr>\n<td>Dash<\/td>\n<td>Digital<\/td>\n<\/tr>\n<tr>\n<td>Contiene<\/td>\n<td>Apple CarPlay<\/td>\n<\/tr>\n<tr>\n<td>Iluminaci\u00f3n interior<\/td>\n<td>De colores<\/td>\n<\/tr>\n<tr>\n<td>Techo<\/td>\n<td>Sunroof<\/td>\n<\/tr>\n<tr>\n<td>Equipo de sonido<\/td>\n<td>Burmeister<\/td>\n<\/tr>\n<tr>\n<td>Volante<\/td>\n<td>Multifuncional<\/td>\n<\/tr>\n<tr>\n<td>Cambios<\/td>\n<td>Al volante<\/td>\n<\/tr>\n<tr>\n<td>Tapiceria<\/td>\n<td>MB Marron Ecuestre<\/td>\n<\/tr>\n<tr>\n<td>Aire trasero<\/td>\n<td>Individual<\/td>\n<\/tr>\n<tr>\n<td>Lane change<\/td>\n<td>Assist<\/td>\n<\/tr>\n<tr>\n<td>C\u00e1maras<\/td>\n<td>De parqueo<\/td>\n<\/tr>\n<tr>\n<td>Sensores<\/td>\n<td>De parqueo<\/td>\n<\/tr>\n<tr>\n<td>Versi\u00f3n<\/td>\n<td>Nacional<\/td>\n<\/tr>\n<tr>\n<td>Record<\/td>\n<td>De agencia<\/td>\n<\/tr>\n<tr>\n<td>Full<\/td>\n<td>Extras<\/td>\n<\/tr>\n<tr>\n<td>Kilometraje<\/td>\n<td>42,200 kms<\/td>\n<\/tr>\n<\/tbody>\n<\/table>\n<p>&nbsp;<\/p>\n<p>Se acepta BTC o USDT<\/p>\n","protected":false},"excerpt":{"rendered":"<p>A\u00f1o 2019 Motor 4.0L V8 Biturbo Caballaje 422HP Torque 450 lb ft Tracci\u00f3n 4&#215;4 Caja autom\u00e1tica 9 velocidades Paquete AMG Frente de G63 Con mataburros Llantas Mickey Thompson Asientos Cuero Asientos El\u00e9ctricos Asientos Din\u00e1micos Asientos Climatizados Dash Digital Contiene Apple CarPlay Iluminaci\u00f3n interior De colores Techo Sunroof Equipo de sonido Burmeister Volante Multifuncional Cambios Al [&hellip;]<\/p>\n","protected":false},"featured_media":2317,"template":"","meta":[],"product_brand":[],"product_cat":[81],"product_tag":[],"class_list":{"0":"post-1919","1":"product","2":"type-product","3":"status-publish","4":"has-post-thumbnail","6":"product_cat-suv","8":"first","9":"instock","10":"shipping-taxable","11":"purchasable","12":"product-type-simple"},"yoast_head":"<!-- This site is optimized with the Yoast SEO plugin v26.4 - https:\/\/yoast.com\/wordpress\/plugins\/seo\/ -->\n<title>Mercedes-Benz G-Wagon G500 - Grupo Tecnomotriz<\/title>\n<meta name=\"robots\" content=\"index, follow, max-snippet:-1, max-image-preview:large, max-video-preview:-1\" \/>\n<link rel=\"canonical\" href=\"https:\/\/www.grupotecnomotriz.com\/site\/producto\/mercedes-benz-g-wagon-g500-2\/\" \/>\n<meta property=\"og:locale\" content=\"es_ES\" \/>\n<meta property=\"og:type\" content=\"article\" \/>\n<meta property=\"og:title\" content=\"Mercedes-Benz G-Wagon G500 - Grupo Tecnomotriz\" \/>\n<meta property=\"og:description\" content=\"A\u00f1o 2019 Motor 4.0L V8 Biturbo Caballaje 422HP Torque 450 lb ft Tracci\u00f3n 4&#215;4 Caja autom\u00e1tica 9 velocidades Paquete AMG Frente de G63 Con mataburros Llantas Mickey Thompson Asientos Cuero Asientos El\u00e9ctricos Asientos Din\u00e1micos Asientos Climatizados Dash Digital Contiene Apple CarPlay Iluminaci\u00f3n interior De colores Techo Sunroof Equipo de sonido Burmeister Volante Multifuncional Cambios Al [&hellip;]\" \/>\n<meta property=\"og:url\" content=\"https:\/\/www.grupotecnomotriz.com\/site\/producto\/mercedes-benz-g-wagon-g500-2\/\" \/>\n<meta property=\"og:site_name\" content=\"Grupo Tecnomotriz\" \/>\n<meta property=\"article:modified_time\" content=\"2026-01-29T22:18:37+00:00\" \/>\n<meta property=\"og:image\" content=\"https:\/\/www.grupotecnomotriz.com\/site\/wp-content\/uploads\/2026\/01\/10-3-1024x731.png\" \/>\n\t<meta property=\"og:image:width\" content=\"1024\" \/>\n\t<meta property=\"og:image:height\" content=\"731\" \/>\n\t<meta property=\"og:image:type\" content=\"image\/png\" \/>\n<meta name=\"twitter:card\" content=\"summary_large_image\" \/>\n<meta name=\"twitter:label1\" content=\"Est. reading time\" \/>\n\t<meta name=\"twitter:data1\" content=\"1 minuto\" \/>\n<script type=\"application\/ld+json\" class=\"yoast-schema-graph\">{\"@context\":\"https:\/\/schema.org\",\"@graph\":[{\"@type\":\"WebPage\",\"@id\":\"https:\/\/www.grupotecnomotriz.com\/site\/producto\/mercedes-benz-g-wagon-g500-2\/\",\"url\":\"https:\/\/www.grupotecnomotriz.com\/site\/producto\/mercedes-benz-g-wagon-g500-2\/\",\"name\":\"Mercedes-Benz G-Wagon G500 - Grupo Tecnomotriz\",\"isPartOf\":{\"@id\":\"https:\/\/www.grupotecnomotriz.com\/site\/#website\"},\"primaryImageOfPage\":{\"@id\":\"https:\/\/www.grupotecnomotriz.com\/site\/producto\/mercedes-benz-g-wagon-g500-2\/#primaryimage\"},\"image\":{\"@id\":\"https:\/\/www.grupotecnomotriz.com\/site\/producto\/mercedes-benz-g-wagon-g500-2\/#primaryimage\"},\"thumbnailUrl\":\"https:\/\/www.grupotecnomotriz.com\/site\/wp-content\/uploads\/2026\/01\/10-3.png\",\"datePublished\":\"2026-01-08T14:48:13+00:00\",\"dateModified\":\"2026-01-29T22:18:37+00:00\",\"breadcrumb\":{\"@id\":\"https:\/\/www.grupotecnomotriz.com\/site\/producto\/mercedes-benz-g-wagon-g500-2\/#breadcrumb\"},\"inLanguage\":\"es-CR\",\"potentialAction\":[{\"@type\":\"ReadAction\",\"target\":[\"https:\/\/www.grupotecnomotriz.com\/site\/producto\/mercedes-benz-g-wagon-g500-2\/\"]}]},{\"@type\":\"ImageObject\",\"inLanguage\":\"es-CR\",\"@id\":\"https:\/\/www.grupotecnomotriz.com\/site\/producto\/mercedes-benz-g-wagon-g500-2\/#primaryimage\",\"url\":\"https:\/\/www.grupotecnomotriz.com\/site\/wp-content\/uploads\/2026\/01\/10-3.png\",\"contentUrl\":\"https:\/\/www.grupotecnomotriz.com\/site\/wp-content\/uploads\/2026\/01\/10-3.png\",\"width\":2048,\"height\":1462},{\"@type\":\"BreadcrumbList\",\"@id\":\"https:\/\/www.grupotecnomotriz.com\/site\/producto\/mercedes-benz-g-wagon-g500-2\/#breadcrumb\",\"itemListElement\":[{\"@type\":\"ListItem\",\"position\":1,\"name\":\"Portada\",\"item\":\"https:\/\/www.grupotecnomotriz.com\/site\/\"},{\"@type\":\"ListItem\",\"position\":2,\"name\":\"Cat\u00e1logo\",\"item\":\"https:\/\/www.grupotecnomotriz.com\/site\/tienda\/\"},{\"@type\":\"ListItem\",\"position\":3,\"name\":\"Mercedes-Benz G-Wagon G500\"}]},{\"@type\":\"WebSite\",\"@id\":\"https:\/\/www.grupotecnomotriz.com\/site\/#website\",\"url\":\"https:\/\/www.grupotecnomotriz.com\/site\/\",\"name\":\"Grupo Tecnomotriz\",\"description\":\"Taller de enderezado y pintura Tecnomotriz\",\"potentialAction\":[{\"@type\":\"SearchAction\",\"target\":{\"@type\":\"EntryPoint\",\"urlTemplate\":\"https:\/\/www.grupotecnomotriz.com\/site\/?s={search_term_string}\"},\"query-input\":{\"@type\":\"PropertyValueSpecification\",\"valueRequired\":true,\"valueName\":\"search_term_string\"}}],\"inLanguage\":\"es-CR\"}]}<\/script>\n<!-- \/ Yoast SEO plugin. -->","yoast_head_json":{"title":"Mercedes-Benz G-Wagon G500 - Grupo Tecnomotriz","robots":{"index":"index","follow":"follow","max-snippet":"max-snippet:-1","max-image-preview":"max-image-preview:large","max-video-preview":"max-video-preview:-1"},"canonical":"https:\/\/www.grupotecnomotriz.com\/site\/producto\/mercedes-benz-g-wagon-g500-2\/","og_locale":"es_ES","og_type":"article","og_title":"Mercedes-Benz G-Wagon G500 - Grupo Tecnomotriz","og_description":"A\u00f1o 2019 Motor 4.0L V8 Biturbo Caballaje 422HP Torque 450 lb ft Tracci\u00f3n 4&#215;4 Caja autom\u00e1tica 9 velocidades Paquete AMG Frente de G63 Con mataburros Llantas Mickey Thompson Asientos Cuero Asientos El\u00e9ctricos Asientos Din\u00e1micos Asientos Climatizados Dash Digital Contiene Apple CarPlay Iluminaci\u00f3n interior De colores Techo Sunroof Equipo de sonido Burmeister Volante Multifuncional Cambios Al [&hellip;]","og_url":"https:\/\/www.grupotecnomotriz.com\/site\/producto\/mercedes-benz-g-wagon-g500-2\/","og_site_name":"Grupo Tecnomotriz","article_modified_time":"2026-01-29T22:18:37+00:00","og_image":[{"width":1024,"height":731,"url":"https:\/\/www.grupotecnomotriz.com\/site\/wp-content\/uploads\/2026\/01\/10-3-1024x731.png","type":"image\/png"}],"twitter_card":"summary_large_image","twitter_misc":{"Est. reading time":"1 minuto"},"schema":{"@context":"https:\/\/schema.org","@graph":[{"@type":"WebPage","@id":"https:\/\/www.grupotecnomotriz.com\/site\/producto\/mercedes-benz-g-wagon-g500-2\/","url":"https:\/\/www.grupotecnomotriz.com\/site\/producto\/mercedes-benz-g-wagon-g500-2\/","name":"Mercedes-Benz G-Wagon G500 - Grupo Tecnomotriz","isPartOf":{"@id":"https:\/\/www.grupotecnomotriz.com\/site\/#website"},"primaryImageOfPage":{"@id":"https:\/\/www.grupotecnomotriz.com\/site\/producto\/mercedes-benz-g-wagon-g500-2\/#primaryimage"},"image":{"@id":"https:\/\/www.grupotecnomotriz.com\/site\/producto\/mercedes-benz-g-wagon-g500-2\/#primaryimage"},"thumbnailUrl":"https:\/\/www.grupotecnomotriz.com\/site\/wp-content\/uploads\/2026\/01\/10-3.png","datePublished":"2026-01-08T14:48:13+00:00","dateModified":"2026-01-29T22:18:37+00:00","breadcrumb":{"@id":"https:\/\/www.grupotecnomotriz.com\/site\/producto\/mercedes-benz-g-wagon-g500-2\/#breadcrumb"},"inLanguage":"es-CR","potentialAction":[{"@type":"ReadAction","target":["https:\/\/www.grupotecnomotriz.com\/site\/producto\/mercedes-benz-g-wagon-g500-2\/"]}]},{"@type":"ImageObject","inLanguage":"es-CR","@id":"https:\/\/www.grupotecnomotriz.com\/site\/producto\/mercedes-benz-g-wagon-g500-2\/#primaryimage","url":"https:\/\/www.grupotecnomotriz.com\/site\/wp-content\/uploads\/2026\/01\/10-3.png","contentUrl":"https:\/\/www.grupotecnomotriz.com\/site\/wp-content\/uploads\/2026\/01\/10-3.png","width":2048,"height":1462},{"@type":"BreadcrumbList","@id":"https:\/\/www.grupotecnomotriz.com\/site\/producto\/mercedes-benz-g-wagon-g500-2\/#breadcrumb","itemListElement":[{"@type":"ListItem","position":1,"name":"Portada","item":"https:\/\/www.grupotecnomotriz.com\/site\/"},{"@type":"ListItem","position":2,"name":"Cat\u00e1logo","item":"https:\/\/www.grupotecnomotriz.com\/site\/tienda\/"},{"@type":"ListItem","position":3,"name":"Mercedes-Benz G-Wagon G500"}]},{"@type":"WebSite","@id":"https:\/\/www.grupotecnomotriz.com\/site\/#website","url":"https:\/\/www.grupotecnomotriz.com\/site\/","name":"Grupo Tecnomotriz","description":"Taller de enderezado y pintura Tecnomotriz","potentialAction":[{"@type":"SearchAction","target":{"@type":"EntryPoint","urlTemplate":"https:\/\/www.grupotecnomotriz.com\/site\/?s={search_term_string}"},"query-input":{"@type":"PropertyValueSpecification","valueRequired":true,"valueName":"search_term_string"}}],"inLanguage":"es-CR"}]}},"_links":{"self":[{"href":"https:\/\/www.grupotecnomotriz.com\/site\/wp-json\/wp\/v2\/product\/1919","targetHints":{"allow":["GET"]}}],"collection":[{"href":"https:\/\/www.grupotecnomotriz.com\/site\/wp-json\/wp\/v2\/product"}],"about":[{"href":"https:\/\/www.grupotecnomotriz.com\/site\/wp-json\/wp\/v2\/types\/product"}],"wp:featuredmedia":[{"embeddable":true,"href":"https:\/\/www.grupotecnomotriz.com\/site\/wp-json\/wp\/v2\/media\/2317"}],"wp:attachment":[{"href":"https:\/\/www.grupotecnomotriz.com\/site\/wp-json\/wp\/v2\/media?parent=1919"}],"wp:term":[{"taxonomy":"product_brand","embeddable":true,"href":"https:\/\/www.grupotecnomotriz.com\/site\/wp-json\/wp\/v2\/product_brand?post=1919"},{"taxonomy":"product_cat","embeddable":true,"href":"https:\/\/www.grupotecnomotriz.com\/site\/wp-json\/wp\/v2\/product_cat?post=1919"},{"taxonomy":"product_tag","embeddable":true,"href":"https:\/\/www.grupotecnomotriz.com\/site\/wp-json\/wp\/v2\/product_tag?post=1919"}],"curies":[{"name":"wp","href":"https:\/\/api.w.org\/{rel}","templated":true}]}}