{"id":1917,"date":"2026-01-08T14:32:12","date_gmt":"2026-01-08T14:32:12","guid":{"rendered":"https:\/\/www.grupotecnomotriz.com\/site\/?post_type=product&#038;p=1917"},"modified":"2026-01-30T14:47:03","modified_gmt":"2026-01-30T14:47:03","slug":"mercedes-benz-eqs-450","status":"publish","type":"product","link":"https:\/\/www.grupotecnomotriz.com\/site\/producto\/mercedes-benz-eqs-450\/","title":{"rendered":"Mercedes-Benz EQS 450"},"content":{"rendered":"<table style=\"height: 799px;\" width=\"370\">\n<tbody>\n<tr>\n<td>A\u00f1o<\/td>\n<td>2023<\/td>\n<\/tr>\n<tr>\n<td>Motor el\u00e9ctrico<\/td>\n<td>245 kW<\/td>\n<\/tr>\n<tr>\n<td>Caballaje<\/td>\n<td>355 hp aprox.<\/td>\n<\/tr>\n<tr>\n<td>Torque<\/td>\n<td>568 Nm<\/td>\n<\/tr>\n<tr>\n<td>Bater\u00eda<\/td>\n<td>108 kWh<\/td>\n<\/tr>\n<tr>\n<td>Autonom\u00eda<\/td>\n<td>Hasta 770 km (WLTP)<\/td>\n<\/tr>\n<tr>\n<td>Tracci\u00f3n<\/td>\n<td>Trasera RWD<\/td>\n<\/tr>\n<tr>\n<td>Dise\u00f1o<\/td>\n<td>Aerodin\u00e1mico<\/td>\n<\/tr>\n<tr>\n<td>Faros<\/td>\n<td>DIGITAL LED<\/td>\n<\/tr>\n<tr>\n<td>Rines<\/td>\n<td>20&#8243;<\/td>\n<\/tr>\n<tr>\n<td>Manijas<\/td>\n<td>Al ras<\/td>\n<\/tr>\n<tr>\n<td>L\u00ednea<\/td>\n<td>Fastback<\/td>\n<\/tr>\n<tr>\n<td>Iluminaci\u00f3n exterior<\/td>\n<td>Premium<\/td>\n<\/tr>\n<tr>\n<td>Interior<\/td>\n<td>Hyperscreen opcional<\/td>\n<\/tr>\n<tr>\n<td>Pantalla central<\/td>\n<td>12.8&#8243;<\/td>\n<\/tr>\n<tr>\n<td>Asientos<\/td>\n<td>El\u00e9ctricos con memoria<\/td>\n<\/tr>\n<tr>\n<td>Ambiente LED<\/td>\n<td>64 colores<\/td>\n<\/tr>\n<tr>\n<td>Sonido<\/td>\n<td>Burmester<\/td>\n<\/tr>\n<tr>\n<td>Materiales<\/td>\n<td>De lujo<\/td>\n<\/tr>\n<tr>\n<td>Conducci\u00f3n<\/td>\n<td>Semi aut\u00f3noma<\/td>\n<\/tr>\n<tr>\n<td>Suspensi\u00f3n<\/td>\n<td>AIRMATIC<\/td>\n<\/tr>\n<tr>\n<td>Direcci\u00f3n trasera<\/td>\n<td>10\u00b0<\/td>\n<\/tr>\n<tr>\n<td>C\u00e1mara<\/td>\n<td>360\u00b0<\/td>\n<\/tr>\n<tr>\n<td>Access<\/td>\n<td>Keyless &amp; Comfort<\/td>\n<\/tr>\n<tr>\n<td>Cargador<\/td>\n<td>Inal\u00e1mbrico<\/td>\n<\/tr>\n<tr>\n<td>Millaje<\/td>\n<td>1999 mill.<\/td>\n<\/tr>\n<\/tbody>\n<\/table>\n","protected":false},"excerpt":{"rendered":"<p>A\u00f1o 2023 Motor el\u00e9ctrico 245 kW Caballaje 355 hp aprox. Torque 568 Nm Bater\u00eda 108 kWh Autonom\u00eda Hasta 770 km (WLTP) Tracci\u00f3n Trasera RWD Dise\u00f1o Aerodin\u00e1mico Faros DIGITAL LED Rines 20&#8243; Manijas Al ras L\u00ednea Fastback Iluminaci\u00f3n exterior Premium Interior Hyperscreen opcional Pantalla central 12.8&#8243; Asientos El\u00e9ctricos con memoria Ambiente LED 64 colores Sonido Burmester [&hellip;]<\/p>\n","protected":false},"featured_media":2085,"template":"","meta":[],"product_brand":[],"product_cat":[85,81],"product_tag":[],"class_list":{"0":"post-1917","1":"product","2":"type-product","3":"status-publish","4":"has-post-thumbnail","6":"product_cat-electrico","7":"product_cat-suv","9":"first","10":"instock","11":"shipping-taxable","12":"purchasable","13":"product-type-simple"},"yoast_head":"<!-- This site is optimized with the Yoast SEO plugin v26.4 - https:\/\/yoast.com\/wordpress\/plugins\/seo\/ -->\n<title>Mercedes-Benz EQS 450 - Grupo Tecnomotriz<\/title>\n<meta name=\"robots\" content=\"index, follow, max-snippet:-1, max-image-preview:large, max-video-preview:-1\" \/>\n<link rel=\"canonical\" href=\"https:\/\/www.grupotecnomotriz.com\/site\/producto\/mercedes-benz-eqs-450\/\" \/>\n<meta property=\"og:locale\" content=\"es_ES\" \/>\n<meta property=\"og:type\" content=\"article\" \/>\n<meta property=\"og:title\" content=\"Mercedes-Benz EQS 450 - Grupo Tecnomotriz\" \/>\n<meta property=\"og:description\" content=\"A\u00f1o 2023 Motor el\u00e9ctrico 245 kW Caballaje 355 hp aprox. Torque 568 Nm Bater\u00eda 108 kWh Autonom\u00eda Hasta 770 km (WLTP) Tracci\u00f3n Trasera RWD Dise\u00f1o Aerodin\u00e1mico Faros DIGITAL LED Rines 20&#8243; Manijas Al ras L\u00ednea Fastback Iluminaci\u00f3n exterior Premium Interior Hyperscreen opcional Pantalla central 12.8&#8243; Asientos El\u00e9ctricos con memoria Ambiente LED 64 colores Sonido Burmester [&hellip;]\" \/>\n<meta property=\"og:url\" content=\"https:\/\/www.grupotecnomotriz.com\/site\/producto\/mercedes-benz-eqs-450\/\" \/>\n<meta property=\"og:site_name\" content=\"Grupo Tecnomotriz\" \/>\n<meta property=\"article:modified_time\" content=\"2026-01-30T14:47:03+00:00\" \/>\n<meta property=\"og:image\" content=\"https:\/\/www.grupotecnomotriz.com\/site\/wp-content\/uploads\/2026\/01\/1-3-1024x731.png\" \/>\n\t<meta property=\"og:image:width\" content=\"1024\" \/>\n\t<meta property=\"og:image:height\" content=\"731\" \/>\n\t<meta property=\"og:image:type\" content=\"image\/png\" \/>\n<meta name=\"twitter:card\" content=\"summary_large_image\" \/>\n<meta name=\"twitter:label1\" content=\"Est. reading time\" \/>\n\t<meta name=\"twitter:data1\" content=\"1 minuto\" \/>\n<script type=\"application\/ld+json\" class=\"yoast-schema-graph\">{\"@context\":\"https:\/\/schema.org\",\"@graph\":[{\"@type\":\"WebPage\",\"@id\":\"https:\/\/www.grupotecnomotriz.com\/site\/producto\/mercedes-benz-eqs-450\/\",\"url\":\"https:\/\/www.grupotecnomotriz.com\/site\/producto\/mercedes-benz-eqs-450\/\",\"name\":\"Mercedes-Benz EQS 450 - Grupo Tecnomotriz\",\"isPartOf\":{\"@id\":\"https:\/\/www.grupotecnomotriz.com\/site\/#website\"},\"primaryImageOfPage\":{\"@id\":\"https:\/\/www.grupotecnomotriz.com\/site\/producto\/mercedes-benz-eqs-450\/#primaryimage\"},\"image\":{\"@id\":\"https:\/\/www.grupotecnomotriz.com\/site\/producto\/mercedes-benz-eqs-450\/#primaryimage\"},\"thumbnailUrl\":\"https:\/\/www.grupotecnomotriz.com\/site\/wp-content\/uploads\/2026\/01\/1-3.png\",\"datePublished\":\"2026-01-08T14:32:12+00:00\",\"dateModified\":\"2026-01-30T14:47:03+00:00\",\"breadcrumb\":{\"@id\":\"https:\/\/www.grupotecnomotriz.com\/site\/producto\/mercedes-benz-eqs-450\/#breadcrumb\"},\"inLanguage\":\"es-CR\",\"potentialAction\":[{\"@type\":\"ReadAction\",\"target\":[\"https:\/\/www.grupotecnomotriz.com\/site\/producto\/mercedes-benz-eqs-450\/\"]}]},{\"@type\":\"ImageObject\",\"inLanguage\":\"es-CR\",\"@id\":\"https:\/\/www.grupotecnomotriz.com\/site\/producto\/mercedes-benz-eqs-450\/#primaryimage\",\"url\":\"https:\/\/www.grupotecnomotriz.com\/site\/wp-content\/uploads\/2026\/01\/1-3.png\",\"contentUrl\":\"https:\/\/www.grupotecnomotriz.com\/site\/wp-content\/uploads\/2026\/01\/1-3.png\",\"width\":2048,\"height\":1462},{\"@type\":\"BreadcrumbList\",\"@id\":\"https:\/\/www.grupotecnomotriz.com\/site\/producto\/mercedes-benz-eqs-450\/#breadcrumb\",\"itemListElement\":[{\"@type\":\"ListItem\",\"position\":1,\"name\":\"Portada\",\"item\":\"https:\/\/www.grupotecnomotriz.com\/site\/\"},{\"@type\":\"ListItem\",\"position\":2,\"name\":\"Cat\u00e1logo\",\"item\":\"https:\/\/www.grupotecnomotriz.com\/site\/tienda\/\"},{\"@type\":\"ListItem\",\"position\":3,\"name\":\"Mercedes-Benz EQS 450\"}]},{\"@type\":\"WebSite\",\"@id\":\"https:\/\/www.grupotecnomotriz.com\/site\/#website\",\"url\":\"https:\/\/www.grupotecnomotriz.com\/site\/\",\"name\":\"Grupo Tecnomotriz\",\"description\":\"Taller de enderezado y pintura Tecnomotriz\",\"potentialAction\":[{\"@type\":\"SearchAction\",\"target\":{\"@type\":\"EntryPoint\",\"urlTemplate\":\"https:\/\/www.grupotecnomotriz.com\/site\/?s={search_term_string}\"},\"query-input\":{\"@type\":\"PropertyValueSpecification\",\"valueRequired\":true,\"valueName\":\"search_term_string\"}}],\"inLanguage\":\"es-CR\"}]}<\/script>\n<!-- \/ Yoast SEO plugin. -->","yoast_head_json":{"title":"Mercedes-Benz EQS 450 - Grupo Tecnomotriz","robots":{"index":"index","follow":"follow","max-snippet":"max-snippet:-1","max-image-preview":"max-image-preview:large","max-video-preview":"max-video-preview:-1"},"canonical":"https:\/\/www.grupotecnomotriz.com\/site\/producto\/mercedes-benz-eqs-450\/","og_locale":"es_ES","og_type":"article","og_title":"Mercedes-Benz EQS 450 - Grupo Tecnomotriz","og_description":"A\u00f1o 2023 Motor el\u00e9ctrico 245 kW Caballaje 355 hp aprox. Torque 568 Nm Bater\u00eda 108 kWh Autonom\u00eda Hasta 770 km (WLTP) Tracci\u00f3n Trasera RWD Dise\u00f1o Aerodin\u00e1mico Faros DIGITAL LED Rines 20&#8243; Manijas Al ras L\u00ednea Fastback Iluminaci\u00f3n exterior Premium Interior Hyperscreen opcional Pantalla central 12.8&#8243; Asientos El\u00e9ctricos con memoria Ambiente LED 64 colores Sonido Burmester [&hellip;]","og_url":"https:\/\/www.grupotecnomotriz.com\/site\/producto\/mercedes-benz-eqs-450\/","og_site_name":"Grupo Tecnomotriz","article_modified_time":"2026-01-30T14:47:03+00:00","og_image":[{"width":1024,"height":731,"url":"https:\/\/www.grupotecnomotriz.com\/site\/wp-content\/uploads\/2026\/01\/1-3-1024x731.png","type":"image\/png"}],"twitter_card":"summary_large_image","twitter_misc":{"Est. reading time":"1 minuto"},"schema":{"@context":"https:\/\/schema.org","@graph":[{"@type":"WebPage","@id":"https:\/\/www.grupotecnomotriz.com\/site\/producto\/mercedes-benz-eqs-450\/","url":"https:\/\/www.grupotecnomotriz.com\/site\/producto\/mercedes-benz-eqs-450\/","name":"Mercedes-Benz EQS 450 - Grupo Tecnomotriz","isPartOf":{"@id":"https:\/\/www.grupotecnomotriz.com\/site\/#website"},"primaryImageOfPage":{"@id":"https:\/\/www.grupotecnomotriz.com\/site\/producto\/mercedes-benz-eqs-450\/#primaryimage"},"image":{"@id":"https:\/\/www.grupotecnomotriz.com\/site\/producto\/mercedes-benz-eqs-450\/#primaryimage"},"thumbnailUrl":"https:\/\/www.grupotecnomotriz.com\/site\/wp-content\/uploads\/2026\/01\/1-3.png","datePublished":"2026-01-08T14:32:12+00:00","dateModified":"2026-01-30T14:47:03+00:00","breadcrumb":{"@id":"https:\/\/www.grupotecnomotriz.com\/site\/producto\/mercedes-benz-eqs-450\/#breadcrumb"},"inLanguage":"es-CR","potentialAction":[{"@type":"ReadAction","target":["https:\/\/www.grupotecnomotriz.com\/site\/producto\/mercedes-benz-eqs-450\/"]}]},{"@type":"ImageObject","inLanguage":"es-CR","@id":"https:\/\/www.grupotecnomotriz.com\/site\/producto\/mercedes-benz-eqs-450\/#primaryimage","url":"https:\/\/www.grupotecnomotriz.com\/site\/wp-content\/uploads\/2026\/01\/1-3.png","contentUrl":"https:\/\/www.grupotecnomotriz.com\/site\/wp-content\/uploads\/2026\/01\/1-3.png","width":2048,"height":1462},{"@type":"BreadcrumbList","@id":"https:\/\/www.grupotecnomotriz.com\/site\/producto\/mercedes-benz-eqs-450\/#breadcrumb","itemListElement":[{"@type":"ListItem","position":1,"name":"Portada","item":"https:\/\/www.grupotecnomotriz.com\/site\/"},{"@type":"ListItem","position":2,"name":"Cat\u00e1logo","item":"https:\/\/www.grupotecnomotriz.com\/site\/tienda\/"},{"@type":"ListItem","position":3,"name":"Mercedes-Benz EQS 450"}]},{"@type":"WebSite","@id":"https:\/\/www.grupotecnomotriz.com\/site\/#website","url":"https:\/\/www.grupotecnomotriz.com\/site\/","name":"Grupo Tecnomotriz","description":"Taller de enderezado y pintura Tecnomotriz","potentialAction":[{"@type":"SearchAction","target":{"@type":"EntryPoint","urlTemplate":"https:\/\/www.grupotecnomotriz.com\/site\/?s={search_term_string}"},"query-input":{"@type":"PropertyValueSpecification","valueRequired":true,"valueName":"search_term_string"}}],"inLanguage":"es-CR"}]}},"_links":{"self":[{"href":"https:\/\/www.grupotecnomotriz.com\/site\/wp-json\/wp\/v2\/product\/1917","targetHints":{"allow":["GET"]}}],"collection":[{"href":"https:\/\/www.grupotecnomotriz.com\/site\/wp-json\/wp\/v2\/product"}],"about":[{"href":"https:\/\/www.grupotecnomotriz.com\/site\/wp-json\/wp\/v2\/types\/product"}],"wp:featuredmedia":[{"embeddable":true,"href":"https:\/\/www.grupotecnomotriz.com\/site\/wp-json\/wp\/v2\/media\/2085"}],"wp:attachment":[{"href":"https:\/\/www.grupotecnomotriz.com\/site\/wp-json\/wp\/v2\/media?parent=1917"}],"wp:term":[{"taxonomy":"product_brand","embeddable":true,"href":"https:\/\/www.grupotecnomotriz.com\/site\/wp-json\/wp\/v2\/product_brand?post=1917"},{"taxonomy":"product_cat","embeddable":true,"href":"https:\/\/www.grupotecnomotriz.com\/site\/wp-json\/wp\/v2\/product_cat?post=1917"},{"taxonomy":"product_tag","embeddable":true,"href":"https:\/\/www.grupotecnomotriz.com\/site\/wp-json\/wp\/v2\/product_tag?post=1917"}],"curies":[{"name":"wp","href":"https:\/\/api.w.org\/{rel}","templated":true}]}}