{"id":1510,"date":"2025-11-28T16:16:40","date_gmt":"2025-11-28T16:16:40","guid":{"rendered":"https:\/\/www.grupotecnomotriz.com\/site\/?post_type=product&#038;p=1510"},"modified":"2025-11-28T21:43:17","modified_gmt":"2025-11-28T21:43:17","slug":"jetsky-yamaha-ex-deluxe-waverunner","status":"publish","type":"product","link":"https:\/\/www.grupotecnomotriz.com\/site\/producto\/jetsky-yamaha-ex-deluxe-waverunner\/","title":{"rendered":"JETSKY YAMAHA EX DELUXE WAVERUNNER"},"content":{"rendered":"<table style=\"height: 325px;\" width=\"336\">\n<tbody>\n<tr>\n<td>A\u00f1o<\/td>\n<td>2024<\/td>\n<\/tr>\n<tr>\n<td>Motor<\/td>\n<td>1100 C.C.<\/td>\n<\/tr>\n<tr>\n<td>Casco y cubierta<\/td>\n<td>SML<\/td>\n<\/tr>\n<tr>\n<td>Plataforma de ba\u00f1o<\/td>\n<td><\/td>\n<\/tr>\n<tr>\n<td>Asiento<\/td>\n<td>Deportivo<\/td>\n<\/tr>\n<tr>\n<td>Tanque de combustible<\/td>\n<td>50 litros<\/td>\n<\/tr>\n<tr>\n<td>Espejos<\/td>\n<td>Retrovisores<\/td>\n<\/tr>\n<tr>\n<td>Sistema de aceleraci\u00f3n<\/td>\n<td>Dual Ride<\/td>\n<\/tr>\n<tr>\n<td>Almacenamiento<\/td>\n<td>Hasta 29 litros<\/td>\n<\/tr>\n<tr>\n<td>Uso<\/td>\n<td>48hrs<\/td>\n<\/tr>\n<\/tbody>\n<\/table>\n<p>&nbsp;<\/p>\n<p>(No incluye traspaso ni gastos legales) El kilometraje mostrado es aproximado, ya que el auto puede seguir en uso mientras se encuentra publicado. Nos reservamos el derecho de actualizar la informaci\u00f3n cuando sea necesario.<\/p>\n","protected":false},"excerpt":{"rendered":"<p>A\u00f1o 2024 Motor 1100 C.C. Casco y cubierta SML Plataforma de ba\u00f1o Asiento Deportivo Tanque de combustible 50 litros Espejos Retrovisores Sistema de aceleraci\u00f3n Dual Ride Almacenamiento Hasta 29 litros Uso 48hrs &nbsp; (No incluye traspaso ni gastos legales) El kilometraje mostrado es aproximado, ya que el auto puede seguir en uso mientras se encuentra [&hellip;]<\/p>\n","protected":false},"featured_media":1615,"template":"","meta":[],"product_brand":[],"product_cat":[49],"product_tag":[],"class_list":{"0":"post-1510","1":"product","2":"type-product","3":"status-publish","4":"has-post-thumbnail","6":"product_cat-embarcaciones","8":"first","9":"instock","10":"shipping-taxable","11":"purchasable","12":"product-type-simple"},"yoast_head":"<!-- This site is optimized with the Yoast SEO plugin v26.4 - https:\/\/yoast.com\/wordpress\/plugins\/seo\/ -->\n<title>JETSKY YAMAHA EX DELUXE WAVERUNNER - Grupo Tecnomotriz<\/title>\n<meta name=\"robots\" content=\"index, follow, max-snippet:-1, max-image-preview:large, max-video-preview:-1\" \/>\n<link rel=\"canonical\" href=\"https:\/\/www.grupotecnomotriz.com\/site\/producto\/jetsky-yamaha-ex-deluxe-waverunner\/\" \/>\n<meta property=\"og:locale\" content=\"es_ES\" \/>\n<meta property=\"og:type\" content=\"article\" \/>\n<meta property=\"og:title\" content=\"JETSKY YAMAHA EX DELUXE WAVERUNNER - Grupo Tecnomotriz\" \/>\n<meta property=\"og:description\" content=\"A\u00f1o 2024 Motor 1100 C.C. Casco y cubierta SML Plataforma de ba\u00f1o Asiento Deportivo Tanque de combustible 50 litros Espejos Retrovisores Sistema de aceleraci\u00f3n Dual Ride Almacenamiento Hasta 29 litros Uso 48hrs &nbsp; (No incluye traspaso ni gastos legales) El kilometraje mostrado es aproximado, ya que el auto puede seguir en uso mientras se encuentra [&hellip;]\" \/>\n<meta property=\"og:url\" content=\"https:\/\/www.grupotecnomotriz.com\/site\/producto\/jetsky-yamaha-ex-deluxe-waverunner\/\" \/>\n<meta property=\"og:site_name\" content=\"Grupo Tecnomotriz\" \/>\n<meta property=\"article:modified_time\" content=\"2025-11-28T21:43:17+00:00\" \/>\n<meta property=\"og:image\" content=\"https:\/\/www.grupotecnomotriz.com\/site\/wp-content\/uploads\/2025\/11\/11-8-1024x731.png\" \/>\n\t<meta property=\"og:image:width\" content=\"1024\" \/>\n\t<meta property=\"og:image:height\" content=\"731\" \/>\n\t<meta property=\"og:image:type\" content=\"image\/png\" \/>\n<meta name=\"twitter:card\" content=\"summary_large_image\" \/>\n<meta name=\"twitter:label1\" content=\"Est. reading time\" \/>\n\t<meta name=\"twitter:data1\" content=\"1 minuto\" \/>\n<script type=\"application\/ld+json\" class=\"yoast-schema-graph\">{\"@context\":\"https:\/\/schema.org\",\"@graph\":[{\"@type\":\"WebPage\",\"@id\":\"https:\/\/www.grupotecnomotriz.com\/site\/producto\/jetsky-yamaha-ex-deluxe-waverunner\/\",\"url\":\"https:\/\/www.grupotecnomotriz.com\/site\/producto\/jetsky-yamaha-ex-deluxe-waverunner\/\",\"name\":\"JETSKY YAMAHA EX DELUXE WAVERUNNER - Grupo Tecnomotriz\",\"isPartOf\":{\"@id\":\"https:\/\/www.grupotecnomotriz.com\/site\/#website\"},\"primaryImageOfPage\":{\"@id\":\"https:\/\/www.grupotecnomotriz.com\/site\/producto\/jetsky-yamaha-ex-deluxe-waverunner\/#primaryimage\"},\"image\":{\"@id\":\"https:\/\/www.grupotecnomotriz.com\/site\/producto\/jetsky-yamaha-ex-deluxe-waverunner\/#primaryimage\"},\"thumbnailUrl\":\"https:\/\/www.grupotecnomotriz.com\/site\/wp-content\/uploads\/2025\/11\/11-8.png\",\"datePublished\":\"2025-11-28T16:16:40+00:00\",\"dateModified\":\"2025-11-28T21:43:17+00:00\",\"breadcrumb\":{\"@id\":\"https:\/\/www.grupotecnomotriz.com\/site\/producto\/jetsky-yamaha-ex-deluxe-waverunner\/#breadcrumb\"},\"inLanguage\":\"es-CR\",\"potentialAction\":[{\"@type\":\"ReadAction\",\"target\":[\"https:\/\/www.grupotecnomotriz.com\/site\/producto\/jetsky-yamaha-ex-deluxe-waverunner\/\"]}]},{\"@type\":\"ImageObject\",\"inLanguage\":\"es-CR\",\"@id\":\"https:\/\/www.grupotecnomotriz.com\/site\/producto\/jetsky-yamaha-ex-deluxe-waverunner\/#primaryimage\",\"url\":\"https:\/\/www.grupotecnomotriz.com\/site\/wp-content\/uploads\/2025\/11\/11-8.png\",\"contentUrl\":\"https:\/\/www.grupotecnomotriz.com\/site\/wp-content\/uploads\/2025\/11\/11-8.png\",\"width\":2048,\"height\":1462},{\"@type\":\"BreadcrumbList\",\"@id\":\"https:\/\/www.grupotecnomotriz.com\/site\/producto\/jetsky-yamaha-ex-deluxe-waverunner\/#breadcrumb\",\"itemListElement\":[{\"@type\":\"ListItem\",\"position\":1,\"name\":\"Portada\",\"item\":\"https:\/\/www.grupotecnomotriz.com\/site\/\"},{\"@type\":\"ListItem\",\"position\":2,\"name\":\"Cat\u00e1logo\",\"item\":\"https:\/\/www.grupotecnomotriz.com\/site\/tienda\/\"},{\"@type\":\"ListItem\",\"position\":3,\"name\":\"JETSKY YAMAHA EX DELUXE WAVERUNNER\"}]},{\"@type\":\"WebSite\",\"@id\":\"https:\/\/www.grupotecnomotriz.com\/site\/#website\",\"url\":\"https:\/\/www.grupotecnomotriz.com\/site\/\",\"name\":\"Grupo Tecnomotriz\",\"description\":\"Taller de enderezado y pintura Tecnomotriz\",\"potentialAction\":[{\"@type\":\"SearchAction\",\"target\":{\"@type\":\"EntryPoint\",\"urlTemplate\":\"https:\/\/www.grupotecnomotriz.com\/site\/?s={search_term_string}\"},\"query-input\":{\"@type\":\"PropertyValueSpecification\",\"valueRequired\":true,\"valueName\":\"search_term_string\"}}],\"inLanguage\":\"es-CR\"}]}<\/script>\n<!-- \/ Yoast SEO plugin. -->","yoast_head_json":{"title":"JETSKY YAMAHA EX DELUXE WAVERUNNER - Grupo Tecnomotriz","robots":{"index":"index","follow":"follow","max-snippet":"max-snippet:-1","max-image-preview":"max-image-preview:large","max-video-preview":"max-video-preview:-1"},"canonical":"https:\/\/www.grupotecnomotriz.com\/site\/producto\/jetsky-yamaha-ex-deluxe-waverunner\/","og_locale":"es_ES","og_type":"article","og_title":"JETSKY YAMAHA EX DELUXE WAVERUNNER - Grupo Tecnomotriz","og_description":"A\u00f1o 2024 Motor 1100 C.C. Casco y cubierta SML Plataforma de ba\u00f1o Asiento Deportivo Tanque de combustible 50 litros Espejos Retrovisores Sistema de aceleraci\u00f3n Dual Ride Almacenamiento Hasta 29 litros Uso 48hrs &nbsp; (No incluye traspaso ni gastos legales) El kilometraje mostrado es aproximado, ya que el auto puede seguir en uso mientras se encuentra [&hellip;]","og_url":"https:\/\/www.grupotecnomotriz.com\/site\/producto\/jetsky-yamaha-ex-deluxe-waverunner\/","og_site_name":"Grupo Tecnomotriz","article_modified_time":"2025-11-28T21:43:17+00:00","og_image":[{"width":1024,"height":731,"url":"https:\/\/www.grupotecnomotriz.com\/site\/wp-content\/uploads\/2025\/11\/11-8-1024x731.png","type":"image\/png"}],"twitter_card":"summary_large_image","twitter_misc":{"Est. reading time":"1 minuto"},"schema":{"@context":"https:\/\/schema.org","@graph":[{"@type":"WebPage","@id":"https:\/\/www.grupotecnomotriz.com\/site\/producto\/jetsky-yamaha-ex-deluxe-waverunner\/","url":"https:\/\/www.grupotecnomotriz.com\/site\/producto\/jetsky-yamaha-ex-deluxe-waverunner\/","name":"JETSKY YAMAHA EX DELUXE WAVERUNNER - Grupo Tecnomotriz","isPartOf":{"@id":"https:\/\/www.grupotecnomotriz.com\/site\/#website"},"primaryImageOfPage":{"@id":"https:\/\/www.grupotecnomotriz.com\/site\/producto\/jetsky-yamaha-ex-deluxe-waverunner\/#primaryimage"},"image":{"@id":"https:\/\/www.grupotecnomotriz.com\/site\/producto\/jetsky-yamaha-ex-deluxe-waverunner\/#primaryimage"},"thumbnailUrl":"https:\/\/www.grupotecnomotriz.com\/site\/wp-content\/uploads\/2025\/11\/11-8.png","datePublished":"2025-11-28T16:16:40+00:00","dateModified":"2025-11-28T21:43:17+00:00","breadcrumb":{"@id":"https:\/\/www.grupotecnomotriz.com\/site\/producto\/jetsky-yamaha-ex-deluxe-waverunner\/#breadcrumb"},"inLanguage":"es-CR","potentialAction":[{"@type":"ReadAction","target":["https:\/\/www.grupotecnomotriz.com\/site\/producto\/jetsky-yamaha-ex-deluxe-waverunner\/"]}]},{"@type":"ImageObject","inLanguage":"es-CR","@id":"https:\/\/www.grupotecnomotriz.com\/site\/producto\/jetsky-yamaha-ex-deluxe-waverunner\/#primaryimage","url":"https:\/\/www.grupotecnomotriz.com\/site\/wp-content\/uploads\/2025\/11\/11-8.png","contentUrl":"https:\/\/www.grupotecnomotriz.com\/site\/wp-content\/uploads\/2025\/11\/11-8.png","width":2048,"height":1462},{"@type":"BreadcrumbList","@id":"https:\/\/www.grupotecnomotriz.com\/site\/producto\/jetsky-yamaha-ex-deluxe-waverunner\/#breadcrumb","itemListElement":[{"@type":"ListItem","position":1,"name":"Portada","item":"https:\/\/www.grupotecnomotriz.com\/site\/"},{"@type":"ListItem","position":2,"name":"Cat\u00e1logo","item":"https:\/\/www.grupotecnomotriz.com\/site\/tienda\/"},{"@type":"ListItem","position":3,"name":"JETSKY YAMAHA EX DELUXE WAVERUNNER"}]},{"@type":"WebSite","@id":"https:\/\/www.grupotecnomotriz.com\/site\/#website","url":"https:\/\/www.grupotecnomotriz.com\/site\/","name":"Grupo Tecnomotriz","description":"Taller de enderezado y pintura Tecnomotriz","potentialAction":[{"@type":"SearchAction","target":{"@type":"EntryPoint","urlTemplate":"https:\/\/www.grupotecnomotriz.com\/site\/?s={search_term_string}"},"query-input":{"@type":"PropertyValueSpecification","valueRequired":true,"valueName":"search_term_string"}}],"inLanguage":"es-CR"}]}},"_links":{"self":[{"href":"https:\/\/www.grupotecnomotriz.com\/site\/wp-json\/wp\/v2\/product\/1510","targetHints":{"allow":["GET"]}}],"collection":[{"href":"https:\/\/www.grupotecnomotriz.com\/site\/wp-json\/wp\/v2\/product"}],"about":[{"href":"https:\/\/www.grupotecnomotriz.com\/site\/wp-json\/wp\/v2\/types\/product"}],"wp:featuredmedia":[{"embeddable":true,"href":"https:\/\/www.grupotecnomotriz.com\/site\/wp-json\/wp\/v2\/media\/1615"}],"wp:attachment":[{"href":"https:\/\/www.grupotecnomotriz.com\/site\/wp-json\/wp\/v2\/media?parent=1510"}],"wp:term":[{"taxonomy":"product_brand","embeddable":true,"href":"https:\/\/www.grupotecnomotriz.com\/site\/wp-json\/wp\/v2\/product_brand?post=1510"},{"taxonomy":"product_cat","embeddable":true,"href":"https:\/\/www.grupotecnomotriz.com\/site\/wp-json\/wp\/v2\/product_cat?post=1510"},{"taxonomy":"product_tag","embeddable":true,"href":"https:\/\/www.grupotecnomotriz.com\/site\/wp-json\/wp\/v2\/product_tag?post=1510"}],"curies":[{"name":"wp","href":"https:\/\/api.w.org\/{rel}","templated":true}]}}